-16). What are the prime factors of 2 + 9/(-4) + i/12?
2, 3, 19
Let i = -79 - -44. Let y = 41 + i. Suppose -10*o = -y*o - 192. What are the prime factors of o?
2, 3
List the prime factors of (14392 - (0 - 0)) + (-10 + 28)/9.
2, 3, 2399
Let r(d) be the first derivative of -5 - 5*d + 13/2*d**2. What are the prime factors of r(7)?
2, 43
Suppose 0 = 387*g - 342*g - 165285. List the prime factors of g.
3673
Let n(f) = 2*f**3 - 17*f**2 - 61*f + 27. List the prime factors of n(19).
6449
List the prime factors of (-2151 - -2143) + ((-1)/2)/((-1)/87506).
5, 13, 673
Suppose 87 = 5*z + u, -3*u - 84 = -4*z + u. Suppose 0*g + z = -9*g. Let t(x) = -25*x**3 - 3. List the prime factors of t(g).
197
Suppose -11*w - 13664 - 482 = 0. Let z = w - -1954. List the prime factors of z.
2, 167
Let q = 2658 + -348. Suppose -4*r + 5*g = 543 - q, 5*r = -3*g + 2218. List the prime factors of r.
443
Let b(a) = -119*a**3 + 22*a**2 - 9*a + 19. List the prime factors of b(-3).
3457
Suppose x + 6 = 2*h, -4*x = -0*h + 3*h - 20. Suppose 1616 = 4*u - x*m, 0 = 2*m + 2*m. What are the prime factors of u?
2, 101
Suppose -29*g - 90954 = -33*g - 3*b, b = -4*g + 90950. List the prime factors of g.
3, 11, 13, 53
Suppose 4*l - 10*m = -6*m + 12, 2*m = -l + 3. Let u be (9/6 + -2)/(l/(-24)). Suppose -42 - 110 = -u*f. What are the prime factors of f?
2, 19
Let y = -332 + 336. Suppose 0 = 3*s, -j - y*s + 546 = -6*s. What are the prime factors of j?
2, 3, 7, 13
Let b(w) = -w**2 - 6*w + 11. Let m be b(-7). Suppose 0 = 5*s + c - 33, -2 - m = 3*c. Let h(d) = 2*d**2 - 6*d + 7. List the prime factors of h(s).
3, 7
Suppose -12*p + 66414 + 55854 = 0. What are the prime factors of p?
23, 443
Let c be (-15)/(-35) + 46254/21. Let v = -1249 + c. List the prime factors of v.
2, 3, 53
Let h = -140 + 83. Let g = 57 + h. Suppose 0 = y - g*y + r - 99, -5*y - r = -483. What are the prime factors of y?
2, 3
Suppose q = 3*q + 3760. Let k be (q/(-25))/((-2)/(-5)). Suppose 2*f + 4*w = 5*f - k, 52 = f - 4*w. What are the prime factors of f?
2, 17
Suppose 12*k + 4*n = 14*k - 79040, -3*k + 5*n + 118566 = 0. List the prime factors of k.
2, 9883
Suppose -12*o = -350 - 382. Let v = 22 + o. List the prime factors of v.
83
Suppose 0 = -0*o + 4*o - 1520. Let u be ((-10)/(-4))/((-10)/(-8)). Suppose 4*b = -u*m + 30 + 122, -5*b = 5*m - o. List the prime factors of m.
2, 19
Suppose -4*p - 2991 = -7547. Suppose 914 = 4*j + 3*r, j - 6*j + p = 2*r. What are the prime factors of j?
227
Let z(d) = 12*d - 268. Let l(n) = -40*n + 805. Let p(y) = -6*l(y) - 21*z(y). What are the prime factors of p(0)?
2, 3, 7, 19
Let m be 466 + 2/((80/25)/8). Suppose -18 = 3*f - 60. Suppose f*n - 369 = m. What are the prime factors of n?
2, 3, 5
Let c = -5 - -8. Let g be 2/(-10) - 400/(-125). Suppose -3*v + 2*v + 62 = g*b, -b = c. List the prime factors of v.
71
Let k(s) be the first derivative of -s**4/4 + 5*s**3 + 17*s**2/2 - 37*s - 19. What are the prime factors of k(15)?
2, 109
Suppose 3*g = n - 17306, 5*g - 52242 = -3*n - 408. What are the prime factors of n?
2, 2161
Let j = 23867 - 16306. What are the prime factors of j?
7561
Let v = 42671 - 29034. What are the prime factors of v?
13, 1049
Suppose -650*i - 59923 = -671*i + 18785. List the prime factors of i.
2, 937
Let y be (-58)/435 + 124/30. Let t = 3 - 5. List the prime factors of -106*1*t/y.
53
Let r(k) = 7*k**2 - 40*k - 444. What are the prime factors of r(-14)?
2, 3, 31
Suppose i = -4*r + 41068, -2*r - 3*i - 10299 = -30843. What are the prime factors of r?
2, 3, 29, 59
Let s(p) = 76*p - 7*p**2 - 3 + p**3 - 36*p - 34*p. Let j be s(6). What are the prime factors of (-5)/((-7)/3 - j - 1)?
3, 5
Let z(w) = 3*w**3 + 18*w**2 - 15*w - 54. Let q be z(-9). Let y = q - -686. What are the prime factors of y?
2, 19
Suppose 2*a + 2*a = -s - 4, 4*a + 12 = 0. Suppose 2*f = h + 158, -5*h + 316 = s*f - 4*f. Suppose -b - q = 4*b - 389, q + f = b. What are the prime factors of b?
2, 3, 13
Let o = 91 + -87. Suppose -5 = 5*d - o*w - 0*w, -4*d - 5 = -3*w. What are the prime factors of ((-1)/(d/2))/((-12)/(-3780))?
2, 3, 7
Let g = -44079 - -62109. List the prime factors of g.
2, 3, 5, 601
Let b(s) = -s**3 - 8*s**2 + 3*s - 14. Let h be b(-9). Let z = h - 37. Suppose -l = -3*l, z*v + l = 258. What are the prime factors of v?
2, 43
Let c be 2 + 9/(-4) - (-754)/8. Let h = c + -20. Suppose -3*f + 21 + h = 5*j, 3*f + 2*j - 92 = 0. What are the prime factors of f?
2, 3, 5
Let s(x) = 302*x**2 + 213*x - 3805. What are the prime factors of s(16)?
5, 15383
Let i(z) = -z**2 - 10*z + 26. Let d be i(-12). What are the prime factors of -2 - -489*d/3?
2, 3
Let m(s) = 6*s**2 + 558*s - 8. What are the prime factors of m(-99)?
2, 7, 127
Let m(x) = -2*x + 4. Let t be m(6). Let v = -25 + t. Let i = v - -68. What are the prime factors of i?
5, 7
Suppose 0 = 4*v - 297 - 475. Let l = v - 101. List the prime factors of l.
2, 23
Let w be ((-6)/(-16))/((-36)/(-288)). Suppose w*c + 137 = 686. What are the prime factors of c?
3, 61
Suppose -7*f - 129 = -1095. Suppose -f - 182 = -j. List the prime factors of j.
2, 5
Suppose 0 = 2*u - 12, -97*s + 22304 = -95*s + 4*u. What are the prime factors of s?
2, 5, 557
Let q(j) = -3911*j + 1735. List the prime factors of q(-12).
41, 1187
Let k(c) = -139*c + 212. Let j(g) = -279*g + 422. Let f(b) = 6*j(b) - 13*k(b). What are the prime factors of f(10)?
2, 7, 79
Let h be (-618)/(-15) + 5/(-25). Let i = h - 39. Suppose 3*d = 5*y + 254, -3*d = -d - i*y - 168. What are the prime factors of d?
83
Let c(t) = t**3 - 15*t**2 - 17*t + 18. Let n be c(16). Let f be (-6)/(-33) - 9/(-11). List the prime factors of (-53 + f)*(-3 - (-3 + n)).
2, 13
Let p = 374 - 338. Suppose -39*m + 1659 = -p*m. List the prime factors of m.
7, 79
Let w = 269 + -220. Let d = 149 - w. List the prime factors of d.
2, 5
Suppose 0 = 5*l + 2*o - 5*o + 63, 0 = -2*l + 4*o - 14. List the prime factors of (-6)/l + 36/10 - -44.
2, 3
Suppose 5*p + 4*m - 4370 = 2*m, 2*p = -2*m + 1748. Suppose -45*x - 4220 = -50*x - 5*l, -p = -x + 5*l. What are the prime factors of x?
3, 283
Suppose -2*s = -5*g + 8*g + 2831, -3*s = -2*g - 1870. Let p = g + 1417. What are the prime factors of p?
2, 7, 17
Suppose 5*q + 5*s - 25 = 550, -3*q - 4*s + 343 = 0. Suppose -118*y = -q*y - 18. List the prime factors of y.
2, 3
Let k be (-1 - -48) + (-1)/((-4)/(-8)). Let b be k/2*(-10)/(-15). Let q(f) = -f**2 + 19*f - 42. What are the prime factors of q(b)?
2, 3
Let q be 2/(-5) - 12/(-5). Let g be (6/q - (-2)/(-1))*1. List the prime factors of (12/(-7))/(10/(-35)*g).
2, 3
Let j = -11165 + 7550. What are the prime factors of j*(-2)/12 + (-6)/(-4)?
2, 151
Let p(n) = 108*n - 768. What are the prime factors of p(11)?
2, 3, 5, 7
Let r(w) = 432*w**3 + 6*w**2 - 21*w + 12. What are the prime factors of r(4)?
2, 3, 1153
Let f(r) = 13 - 20*r**2 + 18*r - 15 - 26 - r**3. Let g be f(-21). Suppose g = v - 222. List the prime factors of v.
257
Suppose 185735 = 35*z - 176133 + 20933. List the prime factors of z.
3, 17, 191
Let g(j) = -478*j + 1275. List the prime factors of g(-14).
31, 257
Suppose 0 = -3*t - 27 + 15. Let x(g) = g + 10. Let f be x(t). Suppose -3*c - 408 = -f*c. List the prime factors of c.
2, 17
Suppose 18*h - 13*h + c - 7850 = 0, 4692 = 3*h - 3*c. List the prime factors of h.
3, 523
Let v be (-3 - -2)*(6 - 413). Suppose m + 85 = v. List the prime factors of m.
2, 7, 23
Let z(u) = -45*u - 14. Let b be z(-11). Let c = b + -61. Suppose -6*d = -546 - c. List the prime factors of d.
7, 23
Suppose 3*f = 3*m + 5*f - 43, 0 = m - f - 16. Suppose 0 = 2*l + x - 33, -2*l + 5*x + 0 + m = 0. List the prime factors of 10*(144/l + 0).
2, 3
Suppose -g = -3*v + 107, 4*g + 4*v + 159 = -189. Let u be 115/5*-3*2. Let m = g - u. List the prime factors of m.
2, 23
Let d be 1*(5 + (-6 - -1)). What are the prime factors of d*6/42 + 19?
19
Suppose -2*u + 533 = -3*d - 0*d, 0 = 3*u + 5*d - 828. Let g = u + 15. What are the prime factors of g?
2, 11, 13
Suppose 6*r = 3*r - 5*x + 11055, -4*r = -5*x - 14775. Suppose -33*c = -r + 852. List the prime factors of c.
2, 43
Let b be (-1 - (0 + 0)) + -35 + 34. What are the prime factors of (2846/8 - -4) + b/(-8)?
2, 3, 5
Suppose 15*m = 4*w + 18*m - 81819, 5*m + 61386 = 3*w. List the prime factors of w.
3, 2273
Let b be (25/(-15))/(-5)*0. Suppose 2*z + 2*z + 4*a